(-3795)/(-18). Calculate the highest common factor of 38 and t.
19
Let w(j) = 4*j**3 + 2*j**2 - 2*j - 1. Let q be w(-2). Let c = 76 + q. Calculate the greatest common factor of 5 and c.
5
Let a(j) = -43*j. Let d be a(-1). Let m = d - -11. Calculate the greatest common factor of m and 6.
6
Suppose n - 28 = -2*y + 6*y, 0 = 3*n - 2*y - 44. Calculate the highest common divisor of 18 and n.
6
Let p be (6/4)/(2/4). Suppose 4*a = u - 264, p*u = -5*a - 277 - 53. Let o = 117 + a. What is the highest common factor of o and 17?
17
Suppose 27*u + 18 = 28*u. Calculate the highest common factor of 45 and u.
9
Suppose 1 = -2*r - 3*m, 0 = -0*r + 4*r + m - 13. Suppose 4*c - 28 = -4*y, 4*c - y - 23 = -0*c. Calculate the greatest common divisor of r and c.
2
Let u be ((-6)/9)/(1/(-12)). Let d = 1 + u. Calculate the greatest common factor of 18 and d.
9
Let l(i) = -i**2 + i + 4. Let b be l(0). Suppose -b*g + 2*g + 5*u + 142 = 0, 5*g - 338 = 4*u. What is the highest common divisor of g and 6?
6
Let d = -7 + 19. Let s be (-2 - 0) + -1 + 3. Suppose 5*g + s*g = 10. Calculate the greatest common divisor of d and g.
2
Let t(f) = 2*f - 5. Let p be t(5). Calculate the highest common divisor of 15 and p.
5
Let w be (16 - 18)*(1 - 3). What is the highest common factor of w and 16?
4
Suppose 6*z + m = 4*z + 16, 0 = 3*m. Calculate the greatest common divisor of 20 and z.
4
Let j(m) = -4*m**3 - 1. Let a be j(-1). Suppose 0*w - 3*v + 4 = -w, a*v - 14 = -w. Suppose -60 = p - 5*p. What is the highest common divisor of p and w?
5
Let z be 15*3/(15/2). Suppose 0 = -c + z*c - 80. What is the highest common divisor of 176 and c?
16
Let o(a) = -1 - a**3 - 3*a**2 + 2*a - 3 - 6*a. Let m be (-2 - -1)*1 - 2. Let y be o(m). Calculate the highest common divisor of 1 and y.
1
Let n = 2 + -1. Suppose 5*b = -2*l + 3, n = l + 2. Let f be 5/1 + (3 - b). What is the greatest common factor of f and 14?
7
Suppose -5*f - 4*v + 62 = 0, 3*v - 16 = 5*f - 57. What is the highest common divisor of 290 and f?
10
Let h = -187 - -262. Suppose 5*m = -20, 3*m = -5*t + h + 3. What is the highest common divisor of t and 12?
6
Suppose -w + 0*w + 1 = -3*c, 5*w = 3*c + 17. Let j(b) = 7*b**3 - 2*b**2 + b. Let n be j(c). Let d = 11 - n. What is the greatest common factor of 25 and d?
5
Suppose 75 = -4*m + 255. Let r be (-3)/((-3)/22) - 4. Calculate the highest common divisor of r and m.
9
Suppose 62 = -5*i - 33. Let u = 74 + i. Calculate the highest common divisor of 11 and u.
11
Let p = 7 - 7. Suppose -30 = -5*n - 5*h + 5, p = n - 3*h + 9. Suppose -n*j = -j - 114. Calculate the highest common divisor of j and 38.
19
Suppose -n + 9 + 18 = 0. Let d(j) = 45*j - 18. Let p be d(7). Calculate the highest common divisor of p and n.
27
Suppose 2 - 14 = -3*i. Suppose -i*u + 58 = 4*g - g, -4*g - 31 = -3*u. What is the greatest common factor of u and 52?
13
Let g(w) = -9*w - 1. Let s be g(-1). Let b be (-44)/10 - (-16)/40. Let q be -1 - b - (-11 - 2). Calculate the greatest common factor of s and q.
8
Let d = 98 - 85. Calculate the greatest common divisor of 13 and d.
13
Suppose -3*y + 150 = 2*y. Let m = -11 - -21. Calculate the greatest common divisor of m and y.
10
Suppose 5*z = -p + z - 115, 3*p = -2*z - 305. Let k be p*1*2/(-6). What is the highest common divisor of k and 132?
33
Let f(y) = -33*y - 16. Let k be f(-6). Calculate the highest common factor of 26 and k.
26
Suppose 4*x + x - 45 = 0. Let y be 2/x*-6*-24. Let s be y/2*6/8. What is the highest common divisor of s and 108?
12
Suppose -g + r + 32 = 0, 0*r + 4*r = 5*g - 162. Let y(b) = 4*b**2 + 4*b. Let t be y(-3). Suppose 364 - t = 4*d. What is the highest common divisor of g and d?
17
Let p = 59 + -35. Let l be 190/57 - (-2)/(-6). What is the greatest common divisor of l and p?
3
Suppose -4*w = -w - 54. Let u = w - 11. Let g be 2/4 - (-2)/4. What is the highest common divisor of g and u?
1
Let k(u) = 2 + 14*u + 0*u - 4 + 1. Let y be k(1). Let x = y - -19. What is the highest common factor of x and 16?
16
Let f be (-91 - -3)/((-2)/4). Let t = 44 + -28. What is the greatest common divisor of f and t?
16
Let r be 1282/16 - (42/(-48) + 1). Calculate the greatest common divisor of r and 16.
16
Let a(r) = 3*r - 31. Let y be a(15). Suppose -338 - 110 = -4*j. Calculate the greatest common factor of j and y.
14
Let a be 25 - 0/(3 - 5). What is the highest common divisor of a and 100?
25
Let v(b) = 13*b - 4. Let z be v(-2). Let y = z + 102. What is the highest common divisor of 12 and y?
12
Let a be (10/25)/(1/(-15)). Let n = 8 + a. Let x(g) = g**3 - 2*g**2 - 2*g - 1. Let t be x(3). Calculate the greatest common divisor of t and n.
2
Suppose 4*g = 17 + 15. Suppose 5*c + 0 = -10. Let w be c/(-5)*(102 - 2). What is the greatest common factor of g and w?
8
Let q(h) = -4*h + 6. Let c be q(5). Let l = c + 23. Suppose -2*v + l = v. Calculate the highest common divisor of v and 9.
3
Let j = -13 + 23. What is the highest common divisor of j and 40?
10
Let q(d) = d + 11. Let r be q(-6). Suppose 16 = 2*v + h, r*v - 3*v = -4*h + 4. Let j be 361/4 + (-1)/4. What is the greatest common factor of v and j?
10
Let d(f) = -6*f**3 - 1. Suppose 4*u + 16 = -4*w, 0*u + 5 = -2*w - u. Let y be d(w). What is the greatest common divisor of y and 40?
5
Suppose -c + 3*l + 20 = 0, -5*c = -3*l + 4*l - 20. Let a(n) = -22*n + 1. Let p be a(-2). Calculate the highest common factor of c and p.
5
Let l be (-2)/3*(-264 + 6). What is the highest common factor of l and 43?
43
Suppose -4*z = -z + 3*o - 447, 3*z - 437 = -5*o. Calculate the highest common divisor of 14 and z.
14
Suppose i - 10 = -4*i. Let w be i + (-3)/3 + -2. Let a = w - -7. Calculate the highest common divisor of 54 and a.
6
Let q be 396/18 + 6/2. Calculate the highest common factor of q and 100.
25
Let i be (17/(-3) + 1)/(32/(-48)). What is the highest common factor of i and 28?
7
Suppose 3*r - 48 = -3*p, 2*p + 68 = 5*r + p. Let b = -7 + 9. Calculate the highest common factor of b and r.
2
Suppose -3*r + 3*g + 7 = 2*g, -r + 4*g - 5 = 0. Calculate the highest common divisor of 3 and r.
3
Let g = 7 + -1. What is the highest common divisor of 3 and g?
3
Let j(m) = 4*m**2 + m. Let l be j(2). Calculate the highest common factor of 6 and l.
6
Let g = -5 - -7. Suppose g*t - 286 = 3*j, 5*t = 4*j - 105 + 820. Calculate the greatest common divisor of 13 and t.
13
Let s(a) = a**2 - 3. Let i be s(-3). Suppose -x + 4 = -2. Calculate the greatest common factor of x and i.
6
Let l(t) = 5*t**2 - 2*t - 3. Let n be l(-2). Let s(b) = b**2. Let g be s(-2). Suppose 5 + 51 = g*z. Calculate the greatest common factor of n and z.
7
Suppose 168 = 5*v - 132. What is the highest common factor of v and 24?
12
Suppose 0 = -2*p + 4, 3*p - 5*p - 4 = -4*t. Let q be (-1)/t - 63/(-6). What is the greatest common factor of 4 and q?
2
Let y(g) = 3*g**3 - g**2 + 15*g + 18. Let k(n) = -n**3 - 5*n - 6. Let b(a) = 7*k(a) + 2*y(a). Let d be b(-6). What is the greatest common factor of 24 and d?
24
Let j(l) = 2*l**2 + 10*l + 7. Let q be 3/(-4)*2*4. Let n be j(q). Let h = 376 - 167. What is the highest common divisor of n and h?
19
Let i be 3 - (4/(-1) - -3). What is the highest common divisor of 8 and i?
4
Let j be ((-7)/2)/7*-8. Suppose j + 3 = c. Calculate the greatest common divisor of 56 and c.
7
Let z(t) = -t**2 + 18*t - 9. Let r be z(17). Calculate the greatest common divisor of r and 2.
2
Suppose 0 = -2*d - 0*d + 400. Let p = d + -74. What is the greatest common factor of 18 and p?
18
Let q(m) = -m**3 + 4*m**2 - 2*m + 2. Suppose 2*w = -w + 3, 4*o - 16 = 4*w. Let t = o + -2. Let i be q(t). Calculate the highest common divisor of i and 5.
5
Let i be ((-2)/(-10))/(14/1190). What is the greatest common factor of i and 187?
17
Suppose -s = -164 - 156. What is the greatest common divisor of 40 and s?
40
Suppose 3*v + 2 = -2*u - 0, 4*v = 3*u - 31. Suppose 4*t = 3*z - 185, u*z + 4*t - 243 = 12. Let d = 264 - 242. What is the highest common factor of d and z?
11
Let i(v) = 10*v**3 - 3*v**2 + 2. Let d(s) = s + 8. Suppose 0 = 3*g + 19 - 1. Let x be d(g). Let o be i(x). What is the highest common divisor of o and 14?
14
Let v(f) = f. Let j be v(3). Suppose 0 = -4*k + 3*m, -j*k + 4*k + 3*m + 15 = 0. Let a be (0 - -2 - 32)*k. Calculate the greatest common divisor of a and 9.
9
Let f(j)